y 4.
3
Let g = 32 + 65. What is the remainder when g is divided by 20?
17
Let q = -4 - -6. Suppose 0 + 6 = 2*y, 3*o = q*y - 138. Calculate the remainder when 19 is divided by (o/10)/((-4)/10).
8
Suppose -4*q - 6 = -82. What is the remainder when 37 is divided by q?
18
Suppose 2*u = u - x + 20, -u + 8 = 5*x. What is the remainder when (2*u)/(2 - 0) is divided by -1*6*4/(-3)?
7
Let c = -12 - 5. Let h = c + 37. Suppose 1 = 2*d + 7, 0 = -5*f - d + 32. Calculate the remainder when h is divided by f.
6
Let s = -12 - -14. What is the remainder when 5 is divided by s?
1
Let u = -18 - -25. What is the remainder when 19 is divided by u?
5
Suppose 26 = 4*h - 3*h. What is the remainder when 48 is divided by h?
22
Suppose -r - 20 = -2*h + 4*r, -h + 3*r = -11. Let b = 10 + h. Suppose 3*y = 2*z + 14, 2*y - 7*z + 6*z - 9 = 0. Calculate the remainder when b is divided by y.
3
Suppose -3*h - 24 = h. Let q be 6/(-3 - 9/h). Let k(t) = t**3 + 4*t**2 - 4*t + 3. What is the remainder when 37 is divided by k(q)?
18
Let f = 86 + -63. What is the remainder when f is divided by 8?
7
Suppose u + 3*w = 102, -5*w + 4*w = 3*u - 346. Calculate the remainder when u is divided by 30.
27
Suppose -29 = -4*t + d + 80, -4*d + 40 = t. Calculate the remainder when 57 is divided by 412/t - 6/(-21).
12
Suppose 8 = -4*f - 0*f, 4*b - 3*f = 110. What is the remainder when 102 is divided by b?
24
Let r be ((-2)/(-3))/(1/9). Let h be (2/r)/((-1)/(-12)). Suppose -56 = -4*g - h*s, 2*g - s - s - 28 = 0. What is the remainder when 53 is divided by g?
11
Suppose -p = -2*q - 28, 0 = -3*q - 5*p - 15 - 14. Let u = 11 - q. What is the remainder when 71 is divided by u?
23
Suppose 3*x + 21 = -3*s, 2*s - 2*x = 3*s + 2. Let p = s - -14. Calculate the remainder when 4 is divided by p.
0
Let t = -64 + 137. Calculate the remainder when t is divided by 15.
13
Let j = -5 - -3. Let v(r) = 6*r**2 + 3*r + 2. Let d be v(j). Let h = d - -8. What is the remainder when h is divided by 10?
8
Let l = -5 + 5. Suppose 3*y - 2*w = -5, 2*y - 4*w = -l + 2. What is the remainder when 63 is divided by 2/y*96/(-4)?
15
Suppose k = -2*v + 3, v + 0*v = 2*k + 9. Calculate the remainder when 202/v - (-2)/(-6) is divided by 23.
21
Let u be -3 + -2 + 4 - -4. Suppose 31 - 84 = -4*f + 5*y, u*f = -4*y + 32. Calculate the remainder when 34 is divided by f.
10
Let c = 97 - 64. Let h = -21 + c. Let m(f) = -7*f + 5. What is the remainder when m(-6) is divided by h?
11
Let r = -46 + 51. What is the remainder when 27 is divided by r?
2
Let l(k) = -2*k - 3. Suppose -4*i - 2*h = -2 + 16, i + 2*h = 4. Let y be l(i). Suppose -51 - y = -5*p. What is the remainder when 35 is divided by p?
11
Suppose 8 = 2*k, -3*b - 2*k = -5*b + 4. Suppose 0*u - 10 = u. Let n = 20 + u. Calculate the remainder when n is divided by b.
4
Let q be 3/6 - (-83)/2. Suppose -v - 2*t = v - q, -v + 23 = 3*t. Suppose -2*f - f + 21 = 0. What is the remainder when v is divided by f?
6
What is the remainder when 28 is divided by -12 + 22 - (1 + -1)?
8
Let h(v) = -12*v**2 + 2*v. Let w be h(1). What is the remainder when 111 is divided by (336/30)/((-4)/w)?
27
Let z(c) = c - 3. Let s be z(5). Let x = 9 - 5. Let h = x - s. What is the remainder when 5 is divided by h?
1
Suppose -29 = -2*w + 21. Suppose -h + 1 = 4*g - w, 4*h = -8. Calculate the remainder when g is divided by 5.
2
Suppose 20 = -4*u - u. Suppose -3*k + 32 + 4 = 0. What is the remainder when k is divided by (-11 - u)/((-1)/1)?
5
Let v = 9 - 3. Suppose 0*o = -4*f - 2*o + 30, -15 = f - 4*o. Suppose -f*n = -n - 64. What is the remainder when n is divided by v?
4
Suppose 2*t = 8 - 0, 11 = p - 4*t. Suppose -p = -l - 2*l. What is the remainder when 15 is divided by l?
6
Suppose 0 = -y - w + 29, 2*w + 128 = -y + 5*y. Let r(a) = a**3 - a**2 + a - 9. Let n be r(0). Let q = n + 25. Calculate the remainder when y is divided by q.
15
Let a = 112 + -100. Calculate the remainder when 166 is divided by a.
10
Suppose v - 2*r - 51 = 0, v + 3*r + 46 = 2*v. What is the remainder when v is divided by 16?
13
Suppose t + 372 = 5*t. Suppose 3*p = 5*q + 6*p - 87, -5*q + 3*p = -t. What is the remainder when 51 is divided by q?
15
Let h(j) = -j - 3. Let r be h(-3). Suppose 4*g = 8 - r. What is the remainder when 49 is divided by (2/g)/((-3)/(-51))?
15
Let x = -18 + 33. Calculate the remainder when 42 is divided by x.
12
Let m(t) = 49*t**2 - t + 2. Let d be m(-2). Suppose -2*h = 2*h - d. Calculate the remainder when h is divided by 17.
16
Calculate the remainder when 8 is divided by 6/(-30) - 32/(-10).
2
Suppose -3*d = -2*d + 3. Let n = -6 - -11. What is the remainder when n is divided by 6/4 - d/6?
1
Let k(v) = v - 1. Let y be k(5). Suppose 0 = 5*x + 3*z - 33, -2 + 0 = -x + y*z. Calculate the remainder when 6/(-1)*16/(-6) is divided by x.
4
Suppose -3*k = -k - 26. Suppose -24 = 3*m - 4*m. What is the remainder when m is divided by k?
11
Suppose 4*f + 85 = -3*v + 243, 0 = -5*f + 4*v + 213. What is the remainder when 201 is divided by f?
37
Let n = 53 + -14. Calculate the remainder when n is divided by 21.
18
Let y be (3/2)/(6/(-224)). Let n = -10 - y. Let a = n + 3. Calculate the remainder when a is divided by 17.
15
Let t(i) = i - 1. What is the remainder when 16 is divided by t(7)?
4
Suppose -211 = -3*d - 5*s, 3*d + 4*s = 110 + 96. Suppose d = n + n. What is the remainder when n is divided by (-34)/(-3) - 8/24?
9
Let k(o) = o**2 - 7*o - 5. Let z be k(8). Suppose -z*t - g = 2*g - 75, -5*t = 2*g - 119. Calculate the remainder when 91 is divided by t.
22
Let t be (1 - -2) + (-4)/4. Suppose 7 = -3*f + 34. Suppose -t*x + f = -7. Calculate the remainder when 29 is divided by x.
5
Calculate the remainder when 33 is divided by 16 - (-4 - -3)/1.
16
Let u be ((-8)/(-3))/((-8)/(-12)). Let n be -2 + 2/((-4)/14). Calculate the remainder when 13 is divided by u/(-8)*(n - 1).
3
Suppose -3*t = -4*w - t + 38, 5*t + 11 = 3*w. Let s(r) = r**3 - 11*r**2 - 11*r + 12. Calculate the remainder when 47 is divided by s(w).
23
Suppose -2*f + 4*s - 18 = -0, -5*f - 27 = -4*s. Let v be 3 + 2 + f - 6. Let c = v + 7. What is the remainder when 4 is divided by c?
1
Suppose -5*v + 60 = 5*b, 0 = -2*b - 4*v + 3*v + 24. Suppose 0 = 2*o + o + b. What is the remainder when (o/(-4))/((-1)/(-45)) is divided by 12?
9
Let b = 23 - 32. Let r = -10 + 23. Let f = b + r. Calculate the remainder when 7 is divided by f.
3
Let c = 14 + -1. What is the remainder when 64 is divided by c?
12
Suppose -r + 0*r + 12 = 0. Calculate the remainder when 45 is divided by r.
9
Let n = 0 + 0. Let t = n + 9. Let d(z) = z**2 - 9*z + 5. What is the remainder when d(t) is divided by 2?
1
Let i = 129 + -90. Calculate the remainder when i is divided by 14.
11
Suppose 2*d - 5 = 3. Suppose -d*s = -16 + 4. What is the remainder when 11 is divided by s?
2
Let v(u) = -u**2 + 5*u + 3. Let l be v(5). Suppose 2*f + l*m = 94, 5*f - 308 = 3*m - 115. Calculate the remainder when f is divided by 14.
13
Let h = -84 + 103. What is the remainder when h is divided by 10?
9
Let f be 1/(1/(-2) - 0). Suppose -3*w + 39 = -36. Calculate the remainder when w is divided by ((-4)/f)/(4/26).
12
Let w be (-4)/(-6) + 49/21. Suppose -4*k = -4*j + 32, 4*k - 6 = -3*j + 18. Suppose j = w*c - 31. What is the remainder when 24 is divided by c?
11
What is the remainder when (-7)/((-105)/902) - (-4)/(-30) is divided by 17?
9
Suppose 6 = -3*o + o + 4*j, -2 = -2*o + 2*j. Suppose 2*p - i - 10 = i, 0 = 3*p + o*i + 9. Calculate the remainder when 2 is divided by p.
0
Suppose -2 = 5*j - 72. Calculate the remainder when 53 is divided by j.
11
Let m(n) = -n - 4. Let c be m(-7). Suppose -27 = -c*w - 6. Calculate the remainder when (-30)/(-4)*56/21 is divided by w.
6
Let i = -42 + 50. Calculate the remainder when 20 is divided by i.
4
Let n be 2*(-4)/(16/(-6)). Let l = -2 + n. Calculate the remainder when 8/6*(-4 + 11/2) is divided by l.
0
Let h = 14 + -3. Let z = 18 - 31. Let p = z - -19. Calculate the remainder when h is divided by p.
5
Suppose -5*s = -39 + 14. Suppose -5*z = -0 - s. Calculate the remainder when (46 - -2) + 1 + z is divided by 17.
16
Let u(q) = 28*q**3. Suppose -5*i + 7 - 2 = 0. Suppose -2*l + 50 = 3*r - 7*r, -2*r + 20 = 2*l. What is the remainder when u(i) is divided by l?
13
Suppose 2*c + z = 6, -6*z + 9 = 3*c - 2*z. Suppose 2